{"id":2005,"date":"2023-07-19T17:43:25","date_gmt":"2023-07-19T17:43:25","guid":{"rendered":"https:\/\/jardinesdelsembrador.com\/?page_id=2005"},"modified":"2025-06-23T19:50:03","modified_gmt":"2025-06-23T19:50:03","slug":"crematorio","status":"publish","type":"page","link":"https:\/\/jardinesdelsembrador.com\/index.php\/crematorio\/","title":{"rendered":"Crematorio"},"content":{"rendered":"\n<div class=\"wp-block-uagb-container uagb-block-4ec05a9a alignfull uagb-is-root-container\"><div class=\"uagb-container-inner-blocks-wrap\">\n<div class=\"wp-block-uagb-container uagb-block-da53e8da\">\n<figure class=\"wp-block-image aligncenter size-full is-resized\"><img loading=\"lazy\" decoding=\"async\" width=\"748\" height=\"1000\" src=\"https:\/\/jardinesdelsembrador.com\/wp-content\/uploads\/2024\/08\/Imagen-de-WhatsApp-2024-01-24-a-las-09.39.47_f3035a76.jpg\" alt=\"\" class=\"wp-image-2362\" style=\"aspect-ratio:1;width:306px;height:auto\" srcset=\"https:\/\/jardinesdelsembrador.com\/wp-content\/uploads\/2024\/08\/Imagen-de-WhatsApp-2024-01-24-a-las-09.39.47_f3035a76.jpg 748w, https:\/\/jardinesdelsembrador.com\/wp-content\/uploads\/2024\/08\/Imagen-de-WhatsApp-2024-01-24-a-las-09.39.47_f3035a76-224x300.jpg 224w\" sizes=\"auto, (max-width: 748px) 100vw, 748px\" \/><\/figure>\n<\/div>\n\n\n\n<div class=\"wp-block-uagb-container uagb-block-9ba75263\">\n<p class=\"has-medium-font-size\">Contamos con el  servicios de cremaci\u00f3n en <strong>Jardines del Sembrador<\/strong> <strong>Camposanto y Crematorio<\/strong><\/p>\n\n\n\n<p><strong>DATO INFORMATIVO:<\/strong><\/p>\n\n\n\n<p class=\"has-medium-font-size\">En tiempos pasados, la Iglesia prohib\u00eda la cremaci\u00f3n o incineraci\u00f3n de cad\u00e1veres cuando esto se hac\u00eda como se\u00f1al de negaci\u00f3n a los dogmas de la resurrecci\u00f3n de los muertos y la inmortalidad del alma.<\/p>\n\n\n\n<p class=\"has-medium-font-size\">Pero el 5 de julio de 1983 la Santa Sede declar\u00f3 oficialmente a trav\u00e9s de un documento aprobado por el PAPA PAULO VI, que la cremaci\u00f3n por si misma, no es contraria a la religi\u00f3n, porque no afecta el alma humana ni es obst\u00e1culo para la resurrecci\u00f3n de los muertos.<\/p>\n<\/div>\n<\/div><\/div>\n\n\n\n<div data-aos= \"fade-down\" data-aos-duration=\"400\" data-aos-delay=\"0\" data-aos-easing=\"ease\" data-aos-once=\"true\" class=\"wp-block-uagb-info-box uagb-block-7785cfee uagb-infobox__content-wrap  uagb-infobox-icon-above-title uagb-infobox-image-valign-top\"><div class=\"uagb-ifb-content\"><div class=\"uagb-ifb-icon-wrap\"><svg xmlns=\"https:\/\/www.w3.org\/2000\/svg\" viewBox=\"0 0 512 512\"><path d=\"M0 256C0 114.6 114.6 0 256 0C397.4 0 512 114.6 512 256C512 397.4 397.4 512 256 512C114.6 512 0 397.4 0 256zM371.8 211.8C382.7 200.9 382.7 183.1 371.8 172.2C360.9 161.3 343.1 161.3 332.2 172.2L224 280.4L179.8 236.2C168.9 225.3 151.1 225.3 140.2 236.2C129.3 247.1 129.3 264.9 140.2 275.8L204.2 339.8C215.1 350.7 232.9 350.7 243.8 339.8L371.8 211.8z\"><\/path><\/svg><\/div><div class=\"uagb-ifb-title-wrap\"><h3 class=\"uagb-ifb-title\">Ventajas<\/h3><\/div><p class=\"uagb-ifb-desc\"><img loading=\"lazy\" decoding=\"async\" height=\"16\" width=\"16\" src=\"https:\/\/static.xx.fbcdn.net\/images\/emoji.php\/v9\/t33\/1\/16\/2705.png\" alt=\"\u2705\">Cremaci\u00f3n en 4 horas<br><img loading=\"lazy\" decoding=\"async\" height=\"16\" width=\"16\" src=\"https:\/\/static.xx.fbcdn.net\/images\/emoji.php\/v9\/t33\/1\/16\/2705.png\" alt=\"\u2705\">Hornos propios<br><img loading=\"lazy\" decoding=\"async\" height=\"16\" width=\"16\" src=\"https:\/\/static.xx.fbcdn.net\/images\/emoji.php\/v9\/t33\/1\/16\/2705.png\" alt=\"\u2705\">Bajo costo\/ tambi\u00e9n contamos con financiamiento<br><img loading=\"lazy\" decoding=\"async\" height=\"16\" width=\"16\" src=\"https:\/\/static.xx.fbcdn.net\/images\/emoji.php\/v9\/t33\/1\/16\/2705.png\" alt=\"\u2705\">Eco-amigable con el ambiente<\/p><\/div><\/div>\n\n\n\n<div class=\"wp-block-uagb-image uagb-block-aec6d669 wp-block-uagb-image--layout-default wp-block-uagb-image--effect-static wp-block-uagb-image--align-none\"><figure class=\"wp-block-uagb-image__figure\"><img decoding=\"async\" srcset=\"https:\/\/jardinesdelsembrador.com\/wp-content\/uploads\/2025\/06\/Imagen-de-WhatsApp-2025-06-23-a-las-13.42.22_0f155cf5-771x1024.jpg \" sizes=\"auto, (max-width: 480px) 150px\" src=\"https:\/\/jardinesdelsembrador.com\/wp-content\/uploads\/2025\/06\/Imagen-de-WhatsApp-2025-06-23-a-las-13.42.22_0f155cf5-771x1024.jpg\" alt=\"\" class=\"uag-image-2550\" width=\"771\" height=\"1024\" title=\"\" loading=\"lazy\"\/><\/figure><\/div>\n\n\n\n<div class=\"wp-block-uagb-image uagb-block-eccccc21 wp-block-uagb-image--layout-default wp-block-uagb-image--effect-static wp-block-uagb-image--align-none\"><figure class=\"wp-block-uagb-image__figure\"><img decoding=\"async\" srcset=\"https:\/\/jardinesdelsembrador.com\/wp-content\/uploads\/2025\/06\/Imagen-de-WhatsApp-2025-06-23-a-las-13.42.22_ab4b2ada-771x1024.jpg \" sizes=\"auto, (max-width: 480px) 150px\" src=\"https:\/\/jardinesdelsembrador.com\/wp-content\/uploads\/2025\/06\/Imagen-de-WhatsApp-2025-06-23-a-las-13.42.22_ab4b2ada-771x1024.jpg\" alt=\"\" class=\"uag-image-2551\" width=\"771\" height=\"1024\" title=\"\" loading=\"lazy\"\/><\/figure><\/div>\n","protected":false},"excerpt":{"rendered":"<p>Contamos con el servicios de cremaci\u00f3n en Jardines del Sembrador Camposanto y Crematorio DATO INFORMATIVO: En tiempos pasados, la Iglesia prohib\u00eda la cremaci\u00f3n o incineraci\u00f3n de cad\u00e1veres cuando esto se hac\u00eda como se\u00f1al de negaci\u00f3n a los dogmas de la resurrecci\u00f3n de los muertos y la inmortalidad del alma. Pero el 5 de julio de [&hellip;]<\/p>\n","protected":false},"author":1,"featured_media":0,"parent":0,"menu_order":0,"comment_status":"closed","ping_status":"closed","template":"","meta":{"_uag_custom_page_level_css":"","site-sidebar-layout":"default","site-content-layout":"","ast-site-content-layout":"default","site-content-style":"default","site-sidebar-style":"default","ast-global-header-display":"","ast-banner-title-visibility":"","ast-main-header-display":"","ast-hfb-above-header-display":"","ast-hfb-below-header-display":"","ast-hfb-mobile-header-display":"","site-post-title":"","ast-breadcrumbs-content":"","ast-featured-img":"","footer-sml-layout":"","theme-transparent-header-meta":"","adv-header-id-meta":"","stick-header-meta":"","header-above-stick-meta":"","header-main-stick-meta":"","header-below-stick-meta":"","astra-migrate-meta-layouts":"set","ast-page-background-enabled":"default","ast-page-background-meta":{"desktop":{"background-color":"","background-image":"","background-repeat":"repeat","background-position":"center center","background-size":"auto","background-attachment":"scroll","background-type":"","background-media":"","overlay-type":"","overlay-color":"","overlay-opacity":"","overlay-gradient":""},"tablet":{"background-color":"","background-image":"","background-repeat":"repeat","background-position":"center center","background-size":"auto","background-attachment":"scroll","background-type":"","background-media":"","overlay-type":"","overlay-color":"","overlay-opacity":"","overlay-gradient":""},"mobile":{"background-color":"","background-image":"","background-repeat":"repeat","background-position":"center center","background-size":"auto","background-attachment":"scroll","background-type":"","background-media":"","overlay-type":"","overlay-color":"","overlay-opacity":"","overlay-gradient":""}},"ast-content-background-meta":{"desktop":{"background-color":"var(--ast-global-color-5)","background-image":"","background-repeat":"repeat","background-position":"center center","background-size":"auto","background-attachment":"scroll","background-type":"","background-media":"","overlay-type":"","overlay-color":"","overlay-opacity":"","overlay-gradient":""},"tablet":{"background-color":"var(--ast-global-color-5)","background-image":"","background-repeat":"repeat","background-position":"center center","background-size":"auto","background-attachment":"scroll","background-type":"","background-media":"","overlay-type":"","overlay-color":"","overlay-opacity":"","overlay-gradient":""},"mobile":{"background-color":"var(--ast-global-color-5)","background-image":"","background-repeat":"repeat","background-position":"center center","background-size":"auto","background-attachment":"scroll","background-type":"","background-media":"","overlay-type":"","overlay-color":"","overlay-opacity":"","overlay-gradient":""}},"footnotes":""},"class_list":["post-2005","page","type-page","status-publish","hentry"],"uagb_featured_image_src":{"full":false,"thumbnail":false,"medium":false,"medium_large":false,"large":false,"1536x1536":false,"2048x2048":false},"uagb_author_info":{"display_name":"Sembrador","author_link":"https:\/\/jardinesdelsembrador.com\/index.php\/author\/sembrador\/"},"uagb_comment_info":0,"uagb_excerpt":"Contamos con el servicios de cremaci\u00f3n en Jardines del Sembrador Camposanto y Crematorio DATO INFORMATIVO: En tiempos pasados, la Iglesia prohib\u00eda la cremaci\u00f3n o incineraci\u00f3n de cad\u00e1veres cuando esto se hac\u00eda como se\u00f1al de negaci\u00f3n a los dogmas de la resurrecci\u00f3n de los muertos y la inmortalidad del alma. Pero el 5 de julio de&hellip;","_links":{"self":[{"href":"https:\/\/jardinesdelsembrador.com\/index.php\/wp-json\/wp\/v2\/pages\/2005","targetHints":{"allow":["GET"]}}],"collection":[{"href":"https:\/\/jardinesdelsembrador.com\/index.php\/wp-json\/wp\/v2\/pages"}],"about":[{"href":"https:\/\/jardinesdelsembrador.com\/index.php\/wp-json\/wp\/v2\/types\/page"}],"author":[{"embeddable":true,"href":"https:\/\/jardinesdelsembrador.com\/index.php\/wp-json\/wp\/v2\/users\/1"}],"replies":[{"embeddable":true,"href":"https:\/\/jardinesdelsembrador.com\/index.php\/wp-json\/wp\/v2\/comments?post=2005"}],"version-history":[{"count":9,"href":"https:\/\/jardinesdelsembrador.com\/index.php\/wp-json\/wp\/v2\/pages\/2005\/revisions"}],"predecessor-version":[{"id":2552,"href":"https:\/\/jardinesdelsembrador.com\/index.php\/wp-json\/wp\/v2\/pages\/2005\/revisions\/2552"}],"wp:attachment":[{"href":"https:\/\/jardinesdelsembrador.com\/index.php\/wp-json\/wp\/v2\/media?parent=2005"}],"curies":[{"name":"wp","href":"https:\/\/api.w.org\/{rel}","templated":true}]}}